 - 67514. Determine y(8).
-2
Let k(t) = -t**3 - 8*t**2 + 42*t - 60. What is k(3)?
-33
Let v(n) = n**2 - 157*n + 4875. Calculate v(110).
-295
Let h(a) = -28*a**2 - 391*a - 1114. Determine h(-10).
-4
Let y(c) = 1731*c + 126361. Calculate y(-73).
-2
Let i(t) = -13*t + 91. Give i(34).
-351
Let w(i) = i**2 + 20*i - 2298. What is w(-59)?
3
Let s(u) = 3*u**2 - 14492*u + 86851. Determine s(6).
7
Let m(q) = 5*q**3 - 60*q**2 - 3*q + 21. Give m(12).
-15
Let v(j) = -20*j + 114. What is v(-30)?
714
Let j(w) = -425*w - 5098. Give j(-12).
2
Let u(z) = -3*z**2 + 12*z. What is u(4)?
0
Let y(u) = 7*u**3 - 7*u**2 + 20*u - 2. What is y(3)?
184
Let u(y) = -20*y - 587. Determine u(-31).
33
Let d(l) = 47*l - 941. Give d(19).
-48
Let i(x) = -x**3 - 14*x**2 - 14*x + 7. Determine i(-13).
20
Let d(v) = -208*v - 48462. Determine d(-233).
2
Let f(k) = k**3 - 9*k**2 - 2*k - 15. Determine f(0).
-15
Let k(r) = -31*r + 56. Calculate k(-6).
242
Let p(d) = -104*d - 7161. What is p(-69)?
15
Let k(z) = 65*z + 311. What is k(-5)?
-14
Let c(p) = -p**3 + 38*p**2 - 2*p + 74. Determine c(38).
-2
Let s(v) = v**2 + 137*v + 2707. Give s(-26).
-179
Let p(t) = t**2 - 73*t - 234. What is p(-3)?
-6
Let t(y) = -12*y**3 + 3*y**2 + 8*y - 10. Calculate t(1).
-11
Let n(q) = -527*q + 4301. Give n(8).
85
Let p(y) = 309*y - 4324. Determine p(14).
2
Let g(c) = c**3 - 23*c**2 - 27*c + 60. Determine g(24).
-12
Let y(u) = -2*u**3 - 23*u**2 - 58*u - 6. Give y(-8).
10
Let f(t) = -t**3 + 18*t**2 + 705*t - 71. Calculate f(37).
3
Let i(g) = 4*g**2 + g. Determine i(4).
68
Let z(s) = 42*s + 2459. Calculate z(-63).
-187
Let o(v) = -v**2 - 18*v + 110. What is o(-23)?
-5
Let c(j) = 2*j**2 + 771*j + 6025. Calculate c(-8).
-15
Let v(u) = -11*u**2 + 826*u - 1671. Give v(73).
8
Let d(b) = b**3 - b**2 + 16*b - 29. Calculate d(2).
7
Let o(t) = -2*t**2 - 316*t - 4780. Calculate o(-141).
14
Let m(h) = h**3 - 15*h**2 - 20. What is m(15)?
-20
Let a(o) = o**3 - 31*o**2 + 220*o + 10. Determine a(20).
10
Let t(o) = o**2 - 15*o - 546. Determine t(25).
-296
Let o(p) = -p**3 + 278*p**2 - 282*p + 1389. What is o(277)?
4
Let v(f) = -15*f**2 + 9*f - 4. What is v(-2)?
-82
Let q(d) = d**3 + 23*d**2 + 9*d - 268. Determine q(-22).
18
Let x(p) = -p**3 + 32*p**2 - 54*p + 21. Determine x(30).
201
Let z(k) = -88*k - 200. Calculate z(-6).
328
Let f(g) = 4*g**2 - 7*g. Determine f(0).
0
Let y(c) = -11*c**3 - 4*c**2 - 20*c + 24. Calculate y(1).
-11
Let p(g) = -g**3 + 16*g**2 - 26*g - 76. Give p(14).
-48
Let k(z) = 4*z**3 - 16*z**2 + 10*z. Calculate k(3).
-6
Let h(v) = v**2 - 28*v + 169. What is h(19)?
-2
Let o(v) = v**3 - 89*v**2 + 248*v + 819. Calculate o(86).
-41
Let w(l) = 217*l - 601. Give w(4).
267
Let v(x) = x**3 + 8*x**2 - 19*x - 100. What is v(-7)?
82
Let n(y) = -y**3 + y**2 - 22*y - 22. Give n(0).
-22
Let m(o) = 2*o**3 - 180*o**2 - 182*o - 19. Give m(91).
-19
Let k(m) = -28*m**2 - m - 1. Give k(3).
-256
Let a(j) = j**3 - 3*j**2 + 134*j - 554. Calculate a(4).
-2
Let j(i) = 2*i**2 - 12*i + 3. Give j(3).
-15
Let h(o) = -o**3 - 7*o**2 + 18*o + 78. Give h(-6).
-66
Let p(j) = j**3 + 27*j**2 - 26*j - 1941. Determine p(-25).
-41
Let k(x) = -134*x + 1062. Give k(8).
-10
Let s(d) = -d**2 - 2*d - 25. What is s(-5)?
-40
Let z(j) = -28313*j + 141573. Determine z(5).
8
Let v(n) = 83*n - 418. Give v(5).
-3
Let k(f) = -48*f - 216. Calculate k(-6).
72
Let l(z) = -3*z**2 + 349*z - 1114. Determine l(113).
16
Let s(d) = -47*d**3 + 5*d**2 + 4*d + 1. Determine s(-1).
49
Let g(i) = i**3 + 107*i**2 - 11*i - 1181. What is g(-107)?
-4
Let y(m) = 3*m**2 + 190*m + 164. What is y(-62)?
-84
Let l(s) = -221*s - 20114. What is l(-91)?
-3
Let r(x) = 746*x - 8947. Give r(12).
5
Let l(c) = 53*c - 1847. Give l(35).
8
Let r(x) = -12*x + 177. Give r(-7).
261
Let z(d) = d**3 + 7*d**2 - 683*d - 154. Calculate z(23).
7
Let i(k) = -1015*k**3 + 6*k**2 + k. What is i(-1)?
1020
Let h(o) = 2*o**2 - 312*o + 1230. Calculate h(4).
14
Let t(n) = 3*n**2 + 122*n + 766. Determine t(-33).
7
Let i(v) = 4*v**2 - 82*v + 182. Give i(17).
-56
Let z(a) = a**2 + 91*a + 286. What is z(-88)?
22
Let s(i) = -383*i - 5343. Give s(-14).
19
Let i(u) = -u**2 + 10*u + 40. Determine i(11).
29
Let o(j) = -j**2 - 53*j + 589. Calculate o(-46).
911
Let d(i) = 11*i**3 + 5*i**2 - 163*i + 159. Determine d(1).
12
Let i(k) = 17*k + 882. Calculate i(-52).
-2
Let k(w) = w**2 - 14*w - 87. Determine k(0).
-87
Let m(o) = -6*o + 233. Determine m(28).
65
Let s(z) = -7*z**2 + 189*z + 141. Calculate s(28).
-55
Let n(r) = -105*r - 1363. Determine n(-13).
2
Let i(x) = 3*x**3 + x**2 - 264*x - 17. Give i(0).
-17
Let g(v) = 5*v**3 + 19*v**2 - 35*v - 13. Determine g(-6).
-199
Let r(t) = -11*t**3 - 25*t**2 - 30*t - 5. Determine r(-1).
11
Let o(w) = -29*w**2 - 22*w - 54. Determine o(-4).
-430
Let q(l) = 7*l - 134. Determine q(19).
-1
Let a(c) = 2*c**3 - 214*c**2 - 2081*c + 58. Calculate a(-9).
-5
Let v(f) = 45*f + 98. Determine v(-3).
-37
Let g(y) = -679*y**3 + 2*y**2 - y - 2. Give g(1).
-680
Let p(l) = 2*l + 29. What is p(-16)?
-3
Let l(y) = -y**3 + 5*y**2 - 21*y + 83. Give l(5).
-22
Let v(t) = 4*t + 22. Calculate v(2).
30
Let w(h) = 2*h**2 + 76*h + 660. Determine w(-15).
-30
Let t(v) = -16*v - 111. Determine t(-9).
33
Let r(h) = 61*h - 221. Determine r(4).
23
Let q(w) = 2*w**2 - 85*w - 26. Calculate q(43).
17
Let c(a) = -2*a**2 - 50*a + 56. Calculate c(0).
56
Let s(x) = 374*x - 10135. Give s(27).
-37
Let a(h) = -6*h**3 + 97*h**2 + 80*h + 70. Calculate a(17).
-15
Let m(f) = 5*f**2 - 51*f + 183. What is m(15)?
543
Let b(y) = y**3 + 30*y**2 - 46*y + 1740. Calculate b(-33).
-9
Let h(o) = -o**2 - 8427*o - 42111. Give h(-5).
-1
Let d(m) = -m**3 + 17*m**2 + 5*m + 14. Calculate d(18).
-220
Let b(j) = -2*j**2 + 119*j - 35. What is b(60)?
-95
Let u(d) = -3*d**3 - 111*d**2 + 3*d - 26. Calculate u(-37).
-137
Let v(r) = -12*r - 420. Give v(-33).
-24
Let t(f) = f**3 - 26*f**2 + 25*f - 38. Determine t(25).
-38
Let y(c) = -1861*c - 16789. Determine y(-9).
-40
Let q(c) = 56*c - 2741. What is q(48)?
-53
Let o(f) = -826*f - 6629. What is o(-8)?
-21
Let r(d) = 2*d**2 - 40*d - 52. Calculate r(21).
-10
Let c(t) = -t**3 + 26*t**2 + 65*t - 250. Determine c(28).
2
Let d(x) = -x**3 + 142*x**2 - 961*x + 117. Give d(7).
5
Let j(g) = 744*g - 9679. What is j(13)?
-7
Let b(h) = h**2 - 53*h + 486. Calculate b(12).
-6
Let s(p) = -p**3 - 16*p**2 + 24*p - 21. What is s(-17)?
-140
Let i(c) = c**3 + 4*c**2 + 5*c + 1. What is i(-3)?
-5
Let m(s) = s**2 - 6*s - 153. Give m(-10).
7
Let n(z) = -z**3 - 8*z**2 - 4*z + 2. What is n(-8)?
34
Let z(s) = -2*s**2 - 9*s + 1. Determine z(-9).
-80
Let s(r) = -2*r**3 + 5*r**2 + 8*r + 2. Give s(-1).
1
Let r(a) = -a**3 - 377*a**2 + 1524*a - 6. Give r(4).
-6
Let r(v) = 52*v + 1922. Calculate r(-37).
-2
Let d(o) = 29*o - 63. Give d(0).
-63
Let r(x) = 34*x - 674. What is r(22)?
74
Let g(f) = -89*f**2 - 9*f + 15. What is g(2)?
-359
Let s(d) = -104*d + 401. Determine s(8).
-431
Let v(j) = j**3 - 74*j**2 + 389*j - 3036. What is v(69)?
0
Let k(w) = -7*w**2 + 14*w + 55. Give k(-3).
-50
Let y(f) = -18*f**2 - 581*f - 172. Determine y(-32).
-12
Let n(h) = 3*h**2 + 283*h + 627. Give n(-92).
-17
Let u(q) = -108*q**2 + 853*q - 2. Give u(8).
-90
Let b(m) = m**3 + 23*m**2 + 44*m + 12. Determine b(-21).
-30
Let a(r) = r**3 - 56*r**2 + 19*r - 404. What is a(56)?
660
Let z(k) = -k**2 - 32*k - 44. Give z(-29).
43
Let m(n) = 7*n - 16. What is m(-80)?
-576
Let u(r) = 28*r**2 + 168*r - 14. Calculate u(-6).
-14
Let s(b) = -51*b**2 + b - 1. What is s(1)?
-51
Let w(a) = a**2 + 26*a - 198. Determine w(6).
-6
Let d(w) = 1504*w + 6013. Give d(-4).
-3
Let c(k) = 60*k + 6947. Give c(-116).
-13
Let a(g) = -362*g - 20268. Give a(-56).
4
Let f(o) = 12*o + 132. Calculate f(8).
228
Let u(f) = f**3 + 36*f**2 + 66*f - 49. Calculate u(-34).
19
Let x(r) = -r**3 + 13*r**2 - 18*r + 78. Calculate x(12).
6
Let c(j) = 7*j + 42. What is c(1)?
49
Let i(j) = -j**2 - 45*j + 181. What is i(4)?
-15
Let t(g) = -8*g**2 + 110*g - 13. Determine t(14).
-41
Let o(v) = -58*v + 3040. What is o(49)?
198
Let r(p) = -33*p**2 - 23*p + 27. Determine r(1).
-29
Let h(u) = -63*u + 932. Calculate h(12).
176
Let h(g) = g**3 - 42*g**2 + 113*g + 13. What is h(3)?
1
Let d(x) = x**2 - 43*x - 394. What is d(51)?
14
Let s(r) = 2*r**3 - 17*r**2 + 10*r - 184. What is s(9)?
-13
Let v(b) = -29*b + 1245. W